the highest common factor of 54 and w?
18
Suppose -2*x = -5*x + 3, -5*z = -5*x - 205. Let m = 838 - 789. Calculate the highest common factor of m and z.
7
Suppose -p + 6*m = m - 45, 171 = 3*p + 3*m. Suppose -30 = -z + 4*j + 2, -j = 2*z - p. What is the highest common factor of z and 532?
28
Suppose -4*t + 13*t - 198 = 0. Suppose -174 = -0*g - 3*g. Suppose -4*y + g = 14. What is the greatest common factor of t and y?
11
Suppose -182*g + 6675 = -177*g. Let m = -843 + g. Calculate the greatest common divisor of 12 and m.
12
Let k(n) = -25*n + 217. Let b be k(-5). Calculate the greatest common factor of b and 152.
38
Let f = -1923 + 3196. What is the greatest common divisor of f and 201?
67
Let a(v) = 28*v**2 + 266*v - 1350. Let b be a(5). Suppose -2*w + 4*c = -64, -3*w - 3*c + 106 = c. What is the highest common factor of b and w?
34
Let d(u) = 108*u**2 - 149*u + 1289. Let h be d(7). Calculate the highest common factor of 195 and h.
39
Let l be 0/(-3) + (0 - 1). Let d be (2/l)/(2/(-21)). Let s be 385/2 - (-5)/120*-84. What is the highest common divisor of s and d?
21
Suppose -32*a + 13 = -33*a. Let r = -8 - a. Suppose -2*u = -r*u - f + 82, -5*u - 2*f = -137. Calculate the highest common divisor of 189 and u.
27
Let q be (7 - (-116)/(-10))/(-3 + 656/220). What is the greatest common factor of q and 1886?
23
Let z be (-4)/(-10) - (4/5)/2. Suppose -3*p + 244 - 4 = z. Suppose -6*m + p = -4*m. What is the highest common factor of 10 and m?
10
Let a(z) = z**3 + 29*z**2 + 27*z. Let f be a(-28). Let b = -30 + 38. What is the highest common divisor of b and f?
4
Let c = -271 - -295. Calculate the greatest common factor of 120 and c.
24
Suppose 9*a - 28658 = -9*a - 28*a. What is the greatest common factor of 14 and a?
7
Suppose 4*f - 36 = -4*s, s + 75 = -5*f + 10*f. Suppose 0 = -5*x + 9*b - f*b + 150, -3*x + 88 = b. What is the highest common factor of x and 145?
29
Let k(i) = 5*i + 6. Let s be k(4). Let z be 3/(-9) - (-80)/24. Suppose x - z*x = -572. What is the highest common factor of s and x?
26
Let m be (525 - -182) + (-1 - 1). What is the greatest common factor of m and 5?
5
Let t(c) = -17*c + 156. Let p be t(43). Let b = p - -1025. Calculate the greatest common factor of b and 10.
10
Let k be ((-8)/(-12))/(1 + 770/(-774)). Suppose -3*g + 216 = k. Suppose -3*u + 3*m = 8*m, 0 = -4*u + 3*m + g. What is the highest common factor of u and 20?
5
Suppose -16 = 5*l - 9*l. Suppose -w = 3*w + l, 0 = 3*i - w - 28. Calculate the highest common divisor of 99 and i.
9
Suppose 4*n = 19*q + 4528 - 1330, -n + q = -792. What is the highest common factor of n and 45?
5
Suppose 5*g - 20 = g. Suppose -g*v = -0*v - 20. Suppose -2*u + 2*k - 5*k = -223, 5*k + 391 = v*u. What is the greatest common divisor of u and 8?
8
Let l(m) = -m**3 + 24 + 10 - 149*m + 121*m - 30*m**2. Let o be l(-29). Calculate the highest common factor of 45 and o.
5
Let h be (871/39)/((-1)/3). Let s = h - -55. Let m = s + 18. Calculate the greatest common factor of 4 and m.
2
Let d(g) = -2*g**3 - 4*g**2 - 5*g - 5. Let m be d(5). Let z be m/(-3) + (-8)/12. Let i be (-26)/((-7)/(z/4)). Calculate the greatest common divisor of 13 and i.
13
Suppose -u - 228 = 5*s, 3*s - 250 = 4*u + 731. Let r = -224 - u. What is the highest common factor of 2 and r?
1
Suppose 258*o + 144*o = 83*o + 6866475. What is the highest common divisor of 21 and o?
21
Let y be (-68)/(-7) - 5/(280/(-16)). Let m = 65 - 25. Let s = 50 - m. What is the greatest common divisor of s and y?
10
Let f be -292*(60/16 - 4). Suppose -4*b + 106 = -2*z, -6*b - f = -9*b - 5*z. What is the greatest common factor of 104 and b?
26
Suppose -19*d - 402 = -2*w - 17*d, 0 = 2*w - d - 410. Suppose 0*q = 2*q - 114. Calculate the highest common divisor of q and w.
19
Let g(h) = -7 - 2*h**3 + 1 + 12*h**2 - 27*h + h**3. Let b = -1425 - -1433. Let a be g(b). What is the highest common divisor of a and 17?
17
Let w = 621 + -60. Suppose -3*b + 143 = 3*x - 94, 0 = -b + 3*x + 99. Suppose 0 = -86*c + b*c + 102. What is the greatest common divisor of w and c?
51
Let n(y) = -1131*y - 4572. Let x be n(-12). What is the highest common factor of x and 96?
24
Let n be 29 - -7 - -9 - (3 + (0 - 7)). Calculate the highest common divisor of n and 623.
7
Let a be (-1)/((-7)/2549) - (-7 - 430/(-70)). What is the highest common divisor of 15 and a?
5
Suppose 4*b + 676 = 15*b + 15*b. What is the highest common factor of b and 192?
2
Let k(f) = -28*f - 375. Let w be k(-15). Let i(y) = y**2 + 4*y + 6. Let q be i(5). Let a = q - w. What is the highest common divisor of a and 2?
2
Let w be (-4 + 2 - 7)*8/((-72)/2367). What is the greatest common factor of w and 6?
3
Let j be 1303 + 5/(25/(-10)). Suppose -5*m + j + 1449 = 0. Suppose -5*o + m = 5*v, 2*o = -3*v - 0*v + 335. What is the greatest common factor of 23 and v?
23
Let j be (-15*(-9)/405)/((-1)/12). Let l(h) = 56*h**2 - 29*h - 62. Let z be l(j). Calculate the highest common divisor of 50 and z.
50
Let s(i) = -507*i**3 - 5*i**2 + 4*i + 42. Let m be s(-3). Calculate the greatest common factor of m and 43.
43
Let w be (9792/160)/(2/35). What is the greatest common divisor of 9 and w?
9
Let l(n) = -64*n - 263. Let m be l(-6). Calculate the greatest common factor of m and 19.
1
Let o = 17400 + -15020. What is the highest common factor of 1400 and o?
140
Let v(a) = -a**3 + 10*a**2 + 14*a - 20. Let r be v(6). What is the greatest common divisor of r and 400?
16
Suppose -3*h = -4*k - 6610, 3*h + h = 4*k + 8820. Suppose 0 = -0*c - 13*c + h. Calculate the greatest common divisor of c and 10.
10
Let h be 1*(-2 - -2 - -12). Suppose 499*m - 12 = 503*m. Let v(g) = 9*g**2 - 12*g - 33. Let c be v(m). Calculate the greatest common divisor of h and c.
12
Suppose -4*j + 4*m = -369 - 203, -3*j + 2*m = -438. Let n = 22 - 14. What is the highest common factor of j and n?
8
Suppose -2*o + 48*x - 49*x = -109, -239 = -4*o + x. What is the greatest common factor of o and 4205?
29
Let a be 10/(-1)*154/(-4). Suppose 5*s - 5*j = 1935, 35*j = 32*j - 6. Suppose -35 = s*k - 386*k. What is the highest common factor of a and k?
35
Suppose 2*z - 73 = -105. Let i be -2*36/z*(-14)/(-21). Calculate the highest common divisor of i and 363.
3
Let s be (-5 - 7)*1/2 + (-1853)/(-17). Calculate the highest common factor of 8446 and s.
103
Let c(p) = -66*p - 4. Let t be c(-2). Suppose -2*j + 4*r + 212 = 0, -75*j + 71*j - 4*r + 364 = 0. Calculate the highest common divisor of j and t.
32
Let z be 967080/104 + (465/65 - 7). What is the greatest common factor of z and 17?
17
Let a(p) = p**3 - 7*p**2 - 196*p + 44. Let t be a(-11). Calculate the greatest common factor of 14322 and t.
22
Let l = 11975 - 9291. What is the highest common factor of 366 and l?
122
Suppose -9*t + 6*t = -15. Suppose -122 - 18 = -t*i. Let s = -977 - -1005. Calculate the highest common divisor of i and s.
28
Let z(m) be the first derivative of m**3/3 - 4*m + 15. Let p be z(6). Let l = p - 27. Calculate the highest common factor of l and 20.
5
Suppose 3796375 = 53*t + 59*t + 13*t. What is the greatest common divisor of t and 251?
251
Let l = -6973 - -7699. Calculate the greatest common divisor of 57 and l.
3
Let i be 2 + 0 + -30 + 0. Let d(w) = -w**2 - 85*w - 1577. Let t be d(-25). Let c = i - t. Calculate the highest common divisor of 7 and c.
7
Let i = -1970 + 3727. What is the highest common factor of i and 7?
7
Suppose 16*u - 21802 = 32641 + 19301. What is the greatest common divisor of u and 33?
11
Let d = 844 + -1357. Let v = d - -1575. Calculate the highest common divisor of 18 and v.
18
Suppose 38*y - 146 = 234. Let f be (30/(-9))/(y/(-330)). What is the highest common factor of f and 275?
55
Let f(v) = v**2 + 28*v - 158. Let d be f(21). Calculate the greatest common divisor of 67 and d.
67
Suppose 0 = -38*m + 39*m + 3*i - 6, 2*m - 22 = -i. Let j(k) = -12*k. Let p be j(-9). What is the highest common factor of m and p?
12
Let i be (-1 - 0) + 2 + 115/23. Let t be (4/i)/(16/168). Suppose -107 = -45*u + 208. What is the greatest common factor of u and t?
7
Let a(m) = -m**2 - 13*m - 19. Suppose -10 = 24*c - 22*c. Let t be a(c). Calculate the highest common divisor of t and 35.
7
Let r = -29 - -36. Suppose 0 = -r*s + 10*s. Suppose s = w - 110 + 32. What is the greatest common factor of w and 26